1).
0
Let g(m) = -m**3 - 15*m**2 - 28*m - 40. Determine g(-12).
-136
Let k(b) = b**3 + 16*b**2 + 15*b - 7. What is k(-14)?
175
Let a(q) = 23*q**3 - 13*q**2 - 24*q + 3. Determine a(-2).
-185
Let d(m) = -3*m + 168. Determine d(56).
0
Let k(f) = 2*f**3 - 11*f**2 - 24*f + 12. Determine k(9).
363
Let h(p) = -6*p - 177. Determine h(-15).
-87
Let g(j) = -4*j**2 + 56*j + 18. Determine g(17).
-186
Let r(o) = -o**3 - o**2 - 5*o - 74. Determine r(-4).
-6
Let j(t) = -t**2 - 64*t - 607. What is j(-10)?
-67
Let g(w) = w**3 + 12*w**2 + 12*w + 15. Determine g(-7).
176
Let l(j) = -20*j + 1478. Give l(73).
18
Let q(z) = z**2 + 5*z + 17. Determine q(-7).
31
Let b(v) = 106*v - 762. Determine b(8).
86
Let g(j) = -13*j**2 + 1715*j + 149. Calculate g(132).
17
Let q(f) = 12*f**2 + 328*f + 19. Calculate q(-26).
-397
Let o(g) = g**3 + 3*g**2 + 7*g + 12. What is o(-3)?
-9
Let u(v) = -40*v**2 - 481*v - 6. Determine u(-12).
6
Let y(k) = -3*k + 14. Calculate y(-16).
62
Let j(i) = i**2 - 101*i - 380. What is j(-6)?
262
Let p(v) = v**3 - 4*v**2 + 10*v - 24. Give p(4).
16
Let o(m) = 2*m**3 - 6*m**2 - 102*m + 132. Calculate o(8).
-44
Let o(v) = -85*v**2 + 839*v + 96. Give o(10).
-14
Let n(z) = -3*z**2 + 42*z - 29. What is n(13)?
10
Let t(l) = 67*l - 145. Calculate t(5).
190
Let h(p) = -8*p**2 - 362*p + 256. What is h(-46)?
-20
Let c(z) = 4*z**2 + 109*z + 302. Calculate c(-24).
-10
Let h(x) = -17*x + 355. What is h(22)?
-19
Let r(c) = 8*c**2 + 1033*c - 4127. Determine r(-133).
-4
Let s(o) = o**2 - 134*o - 3793. Calculate s(-24).
-1
Let b(m) = -16*m - 171. Give b(-10).
-11
Let l(b) = -246*b + 1470. Calculate l(6).
-6
Let a(b) = -2*b**2 - 7*b + 12. Determine a(-6).
-18
Let l(w) = w**3 + 139*w**2 + 413*w + 711. Determine l(-136).
31
Let q(f) = -4*f**2 - 74*f + 166. Give q(2).
2
Let c(t) = 2*t**3 + 14*t**2 - 12*t + 14. Give c(-7).
98
Let t(c) = -1129*c - 9051. Give t(-8).
-19
Let d(b) = -2*b**3 + 33*b**2 - 16*b + 11. Calculate d(16).
11
Let z(t) = -27*t - 220. Give z(-11).
77
Let g(m) = -m**3 + 21*m**2 - 14*m + 54. Determine g(12).
1182
Let m(u) = 47*u + 5298. Calculate m(-112).
34
Let p(t) = t**3 - 14*t**2 + 67*t + 1. Calculate p(4).
109
Let m(t) = t**2 - 25*t - 83. What is m(-3)?
1
Let n(g) = -67*g**2 - 460*g - 7. Calculate n(-7).
-70
Let x(z) = -73*z + 388. What is x(6)?
-50
Let j(x) = x**2 + 13*x + 7. Calculate j(-15).
37
Let f(c) = c**3 + 137*c**2 - 286*c - 1131. Determine f(-139).
-19
Let h(b) = 37*b**2 - 12*b + 5. Determine h(3).
302
Let k(y) = -99*y**2 - 1292*y - 53. Determine k(-13).
12
Let j(l) = 725*l - 28273. Determine j(39).
2
Let z(b) = b**2 + 22*b - 248. Give z(9).
31
Let l(v) = -3*v**3 - 4*v**2 - 9*v + 49. Calculate l(3).
-95
Let g(n) = -n**2 - 63*n + 202. What is g(3)?
4
Let a(h) = -3*h**2 + 421*h + 846. What is a(-2)?
-8
Let t(u) = -2*u**3 + 196*u**2 - 203*u + 860. Determine t(97).
-13
Let p(w) = -706*w + 7062. Calculate p(10).
2
Let h(v) = 1183*v - 11798. Give h(10).
32
Let m(r) = -r**3 - 14*r**2 - 14*r + 205. What is m(-11)?
-4
Let z(f) = 14*f - 335. Determine z(13).
-153
Let s(w) = -174*w - 516. Calculate s(-3).
6
Let d(z) = 3498*z + 115441. What is d(-33)?
7
Let p(n) = -9*n - 106. Calculate p(-21).
83
Let s(c) = 1570*c - 9436. What is s(6)?
-16
Let w(x) = -27*x - 735. Determine w(-32).
129
Let f(d) = -2*d**3 - 44*d**2 + 199*d - 28. What is f(-26)?
206
Let i(l) = 220*l + 660. Calculate i(-3).
0
Let w(g) = -2*g**3 + 43*g**2 + 221*g - 4381. What is w(22)?
-3
Let d(k) = k**3 + 32*k**2 - 94*k - 884. What is d(-34)?
0
Let j(i) = -436*i - 72. What is j(0)?
-72
Let u(q) = -1341*q - 2678. Give u(-2).
4
Let v(l) = -246*l + 266. Give v(1).
20
Let c(j) = j**3 + 6*j**2 + 15*j + 156. Determine c(-7).
2
Let l(t) = 29*t + 195. Calculate l(-5).
50
Let q(a) = a**3 - 53*a**2 + 41*a - 8327. What is q(55)?
-22
Let g(h) = -h**2 - 28*h + 2827. Calculate g(-69).
-2
Let x(w) = -33*w**2 + 33*w + 1390. Determine x(-6).
4
Let i(r) = 202*r + 1033. Calculate i(-5).
23
Let s(z) = -z**2 - 102*z + 719. Calculate s(8).
-161
Let m(d) = d**3 + 6*d**2 + 3*d + 14. Calculate m(-4).
34
Let q(t) = -22*t**3 - 27*t**2 - 11*t - 1. Calculate q(-3).
383
Let f(q) = -4*q**3 - 157*q**2 + 115*q - 206. What is f(-40)?
-6
Let p(y) = -131*y + 2234. Calculate p(17).
7
Let y(m) = 15*m + 13. Determine y(5).
88
Let u(g) = g**3 + 7*g**2 - g - 10. Determine u(-7).
-3
Let t(n) = -51*n + 196. Determine t(4).
-8
Let s(f) = 172*f + 4980. Determine s(-29).
-8
Let s(x) = -x**3 + 10*x**2 + 13*x - 7. Calculate s(9).
191
Let s(b) = -12*b + 67. Determine s(-3).
103
Let g(l) = -l**3 + 6*l**2 - 6*l. What is g(4)?
8
Let v(o) = -21*o - 17. Give v(-3).
46
Let z(i) = -2*i**2 - 50*i - 221. What is z(-19)?
7
Let f(j) = -j**2 + 75*j - 496. Give f(68).
-20
Let o(a) = -15*a + 63. Determine o(-4).
123
Let c(z) = -z**3 - 2*z**2 - 204*z - 1373. Give c(-6).
-5
Let i(g) = g**3 + 16*g**2 - 9936*g + 3. Give i(92).
3
Let y(i) = -i**2 - 8*i + 177. Give y(12).
-63
Let a(g) = 4*g**2 + 71*g + 15. What is a(-21)?
288
Let m(k) = 2*k**3 + 18*k**2 + 12*k - 14. Calculate m(5).
746
Let w(o) = o**3 + 3*o**2 + 2*o + 521. Determine w(0).
521
Let v(t) = -t**3 - 35*t**2 - 10*t - 211. Calculate v(-35).
139
Let n(i) = -7*i + 113. Give n(30).
-97
Let d(c) = c**3 + 33*c**2 + 138*c + 4555. Give d(-33).
1
Let m(o) = -o**3 - 12*o**2 - 40*o + 6. Calculate m(-9).
123
Let p(x) = x**2 - 64*x - 948. Calculate p(76).
-36
Let a(l) = -11*l**2 + 5*l + 21. Determine a(3).
-63
Let q(w) = w**2 + 91*w - 423. Calculate q(5).
57
Let h(y) = 18*y + 423. Give h(-21).
45
Let y(x) = 2*x**2 - 9*x + 7. Give y(4).
3
Let o(q) = -3773*q + 94326. Give o(25).
1
Let w(g) = 109*g**2 + 5341*g + 9. Determine w(-49).
9
Let x(t) = -59*t**2 + 45*t + 42. What is x(-1)?
-62
Let i(q) = 2*q**2 + 24*q + 29. Calculate i(-10).
-11
Let c(z) = z**2 - 11*z + 40. Give c(8).
16
Let p(j) = 1169*j**2 + 4677*j + 2. Determine p(-4).
-2
Let f(g) = g**3 - 328*g**2 + 3491*g - 1262. Determine f(317).
6
Let v(n) = -n**3 - 14*n**2 + 209*n + 2893. Give v(-13).
7
Let k(r) = r**2 + 81*r - 1017. What is k(-92)?
-5
Let r(t) = 4510*t - 40594. Give r(9).
-4
Let t(p) = p**3 - 113*p**2 + 117*p - 549. Determine t(112).
11
Let g(w) = w**3 - 14*w**2 + 64*w - 126. Determine g(8).
2
Let o(a) = 918*a + 4471. What is o(-5)?
-119
Let c(m) = -m**3 - 25*m**2 + 53*m - 4. Determine c(-27).
23
Let p(s) = 32*s**2 - 6*s - 10. Determine p(-2).
130
Let g(v) = -1581*v - 9467. Give g(-6).
19
Let r(w) = 39*w - 1930. Give r(50).
20
Let y(i) = -65*i - 401. Give y(-6).
-11
Let x(f) = -f**2 + 126*f - 849. What is x(118)?
95
Let v(c) = c**3 + 12*c**2 - 56*c - 692. Determine v(-11).
45
Let n(g) = 1134*g + 1137. Give n(-1).
3
Let l(o) = -o**3 + 3*o**2 - 117*o + 448. Calculate l(4).
-36
Let c(l) = 449*l**2 - 5*l - 6. What is c(-1)?
448
Let b(o) = 3*o**2 - 67*o - 543. What is b(28)?
-67
Let v(j) = 90*j + 3867. Determine v(-43).
-3
Let j(z) = -636*z - 97311. Calculate j(-153).
-3
Let t(c) = -c**3 - c**2 + 286*c - 811. Give t(3).
11
Let y(b) = 138*b - 896. What is y(7)?
70
Let o(l) = -3*l**3 + l**2 + l - 21. Give o(4).
-193
Let r(m) = m**2 - m - 88. Calculate r(10).
2
Let b(m) = -2*m**3 + 106*m**2 - 104*m - 70. What is b(52)?
-70
Let m(b) = -7*b - 12. Give m(11).
-89
Let t(v) = -v**3 + 55*v**2 - 64*v + 279. What is t(54)?
-261
Let z(s) = -s**2 + 31*s - 271. Determine z(10).
-61
Let p(c) = -21*c + 177. Give p(22).
-285
Let a(q) = -2*q**3 + 76*q**2 + 273*q - 4520. Give a(40).
0
Let a(j) = 29*j**3 + 3*j**2 + 14*j + 11. Determine a(-1).
-29
Let w(k) = -10*k**2 - 52*k + 3. What is w(-6)?
-45
Let i(g) = g**3 + 131*g**2 - 408*g - 756. Give i(-134).
48
Let w(r) = r**2 + 4*r - 125. What is w(-15)?
40
Let t(g) = 2*g**3 + 27*g**2 - 21*g - 24. Give t(-14).
74
Let h(l) = -l**3 - 23*l**2 + 990*l - 1. What is h(-45)?
-1
Let g(w) = w**2 + 37*w + 34. What is g(-1)?
-2
Let q(m) = -20*m + 693. Give q(36).
-27
Let g(n) = 2*n**3 - 4*n**2 - 272*n + 9. Give g(-11).
-145
Let r(m) = m**3 - 49*m**2 - 529*m - 27. Give r(-9).
36
Let d(s) = -188*s - 5. Give d(1).
-193
Let o(i) = 347*i**2 + 22551*i - 241. What is o(-65)?
19
Let l(q) = 5*q**3 - 27*q**2 - 19*q + 16. Determine l(6).
10
Let g(p) = 51*p + 384. Determine g(-7).
27
Let j(c) = -2*c**3 - 20*c**2 - 9*c - 205. Calculate j(-10).
-115
Let s(x) = -x**3 + 63*x**2 - 40*x - 1374. Give s(62).
-10
Let a(o) = -2*o**2 - 20*o + 11. What is a